t is the greatest common factor of 5497253 and 4113?
457
What is the greatest common divisor of 10 and 1299347?
1
Calculate the greatest common divisor of 2044058 and 722.
38
Calculate the highest common factor of 3356220 and 2060.
20
What is the greatest common factor of 584 and 4264?
8
What is the highest common divisor of 10973442 and 174?
6
What is the greatest common factor of 97603 and 3959087?
209
Calculate the highest common factor of 34254 and 345378.
66
What is the greatest common factor of 28689586 and 8688?
362
Calculate the highest common divisor of 7959848 and 1560.
104
Calculate the highest common divisor of 255335 and 208848.
229
What is the greatest common divisor of 131673 and 3?
3
Calculate the greatest common divisor of 33534 and 31285980.
1242
What is the greatest common factor of 70883 and 164104?
73
Calculate the greatest common factor of 218048 and 2368.
64
What is the highest common divisor of 2507 and 24542549?
109
Calculate the greatest common factor of 1195 and 102039855.
1195
Calculate the greatest common factor of 3496296 and 792.
24
Calculate the highest common divisor of 241259590 and 10010.
1430
Calculate the greatest common divisor of 2971476 and 27612.
2124
What is the highest common divisor of 83266 and 11842574?
2686
Calculate the highest common divisor of 450 and 20237150.
50
What is the greatest common factor of 2037 and 5040105?
21
What is the greatest common factor of 16286416 and 3824?
3824
Calculate the highest common factor of 2222564 and 265171.
937
What is the highest common divisor of 5134470 and 77?
11
What is the greatest common factor of 21828 and 76392543?
5457
Calculate the greatest common divisor of 3669519 and 13305.
2661
Calculate the highest common factor of 620 and 14217716.
124
What is the greatest common divisor of 507 and 15645?
3
Calculate the greatest common divisor of 259400 and 80414.
2594
What is the greatest common divisor of 944600 and 3000?
200
What is the highest common factor of 34064100 and 5175?
225
What is the greatest common divisor of 560 and 4016852?
28
Calculate the greatest common divisor of 65 and 4169321.
13
What is the greatest common divisor of 118907916 and 5696?
356
What is the greatest common divisor of 1756326 and 21538?
1958
Calculate the highest common divisor of 5498342 and 1692.
94
Calculate the highest common factor of 15300 and 15618852.
612
What is the greatest common divisor of 47892 and 739180?
52
Calculate the greatest common divisor of 170310 and 2744.
14
Calculate the greatest common divisor of 8846 and 235688401.
4423
Calculate the greatest common factor of 5 and 43938035.
5
Calculate the highest common divisor of 4 and 16675254.
2
What is the highest common factor of 530115 and 7005?
15
What is the greatest common factor of 933913 and 1225095?
3551
Calculate the highest common divisor of 9144 and 44619672.
3048
What is the greatest common factor of 12972 and 2348989218?
6486
Calculate the greatest common factor of 976922170 and 34.
34
What is the highest common factor of 53820 and 3359610?
2070
Calculate the highest common divisor of 941950 and 1450.
50
What is the greatest common factor of 31794375 and 18600?
2325
What is the highest common factor of 399 and 8967693?
21
What is the highest common factor of 7544550 and 425?
25
Calculate the greatest common divisor of 18069 and 3719361.
951
Calculate the highest common divisor of 279328 and 122409.
203
What is the highest common divisor of 1291752 and 984?
24
What is the highest common divisor of 406 and 5492658?
58
Calculate the greatest common factor of 2100 and 386883.
21
What is the highest common divisor of 96270469 and 31?
31
Calculate the highest common factor of 216948345 and 67.
67
What is the highest common factor of 1297009 and 3689?
217
Calculate the greatest common factor of 54 and 113656692.
6
Calculate the greatest common divisor of 110 and 26656190.
110
What is the highest common factor of 126 and 6006252?
42
Calculate the highest common factor of 53135926 and 3167.
3167
Calculate the highest common divisor of 3132480 and 144.
48
What is the highest common factor of 2268 and 6745788?
756
Calculate the highest common factor of 84622290 and 46.
46
What is the highest common factor of 273220549 and 476?
119
What is the highest common factor of 447335 and 112?
7
What is the greatest common divisor of 128751597 and 117?
117
Calculate the highest common divisor of 18480978 and 171.
9
Calculate the highest common factor of 16597 and 8056658.
2371
Calculate the highest common factor of 84281604 and 24.
12
What is the greatest common factor of 25261434 and 9?
9
Calculate the greatest common factor of 7710 and 95310.
30
Calculate the greatest common divisor of 312 and 264136821.
39
Calculate the greatest common divisor of 172499 and 1207.
17
What is the greatest common divisor of 16092003 and 888?
111
Calculate the greatest common divisor of 20 and 36117610.
10
What is the highest common divisor of 123174 and 34614?
54
Calculate the greatest common factor of 248230916 and 172.
172
Calculate the greatest common factor of 208 and 4033042.
26
Calculate the highest common divisor of 405 and 53670255.
15
What is the highest common factor of 112 and 5458922?
14
What is the highest common factor of 60401 and 786049?
209
Calculate the greatest common divisor of 147 and 456458457.
21
Calculate the greatest common divisor of 71172168 and 45816.
1992
What is the highest common divisor of 50167 and 68731?
221
What is the highest common factor of 65281155 and 165?
15
Calculate the highest common divisor of 164764 and 224332.
68
Calculate the highest common divisor of 220672 and 16304.
16
What is the greatest common factor of 15928 and 728024?
88
Calculate the greatest common divisor of 850299 and 33527381.
9143
Calculate the highest common factor of 420 and 2402.
2
What is the greatest common divisor of 4980 and 640?
20
What is the highest common divisor of 2639952 and 25776?
144
Calculate the greatest common factor of 3545006 and 215.
43
What is the greatest common divisor of 453473856 and 2376?
2376
Calculate the highest common divisor of 141 and 1577273.
47
What is the greatest common divisor of 507309633 and 342?
171
What is the greatest common factor of 55788 and 123252?
12
Calculate the highest common divisor of 17270 and 26675.
55
What is the highest common divisor of 2342 and 87524053?
1171
What is the greatest common divisor of 176896611 and 108?
9
Calculate the highest common divisor of 10449276 and 48.
12
What is the highest common factor of 1183 and 6381557?
91
What is the highest common divisor of 105101 and 2892361?
463
What is the greatest common divisor of 40386 and 152288875?
6731
What is the greatest common divisor of 20577 and 4675311?
1083
What is the greatest common divisor of 745 and 74215?
5
What is the highest common divisor of 16110322 and 34?
34
What is the highest common divisor of 43127658 and 126?
126
Calculate the highest common divisor of 5955705 and 7497.
441
What is the greatest common factor of 5530462 and 12586?
434
Calculate the greatest common divisor of 24309 and 4464.
9
Calculate the greatest common divisor of 227913840 and 60.
60
Calculate the greatest common divisor of 5890025 and 175.
25
What is the greatest common factor of 2544 and 3678?
6
What is the highest common divisor of 1489653 and 6336?
99
Calculate the greatest common divisor of 32532812 and 2444.
52
Calculate the highest common divisor of 450904 and 140672.
1256
Calculate the highest common factor of 4498 and 10211266.
26
Calculate the greatest common factor of 1053563 and 224.
7
Calculate the greatest common divisor of 83051066 and 56882.
3346
What is the greatest common factor of 72 and 95632065?
9
What is the highest common factor of 1192320 and 57753?
1863
Calculate the highest common factor of 570 and 28508835.
285
Calculate the greatest common divisor of 2064571740 and 220.
220
What is the greatest common divisor of 136 and 548712?
8
Calculate the highest common factor of 263760 and 117360.
240
Calculate the highest common factor of 4761 and 9716235.
69
What is the greatest common factor of 432660028 and 652?
652
What is the greatest common divisor of 3159 and 29432889?
243
Calculate the h